62 a multiple of 86?
False
Is 9 a factor of 2160?
True
Is 9 a factor of 17253?
True
Is 71 a factor of 450?
False
Is 74 a factor of 10718?
False
Is 2940 a multiple of 70?
True
Does 42 divide 862?
False
Is 1242 a multiple of 10?
False
Does 12 divide 181?
False
Does 16 divide 80?
True
Does 24 divide 216?
True
Does 56 divide 5925?
False
Is 294 a multiple of 7?
True
Does 20 divide 126?
False
Is 38 a factor of 1254?
True
Does 4 divide 8292?
True
Is 283 a factor of 125701?
False
Is 552 a multiple of 46?
True
Is 7 a factor of 1281?
True
Does 14 divide 14856?
False
Does 6 divide 289?
False
Is 15 a factor of 26745?
True
Does 23 divide 38598?
False
Is 51 a factor of 10065?
False
Is 15 a factor of 12555?
True
Is 163 a multiple of 24?
False
Is 40 a factor of 2240?
True
Is 6 a factor of 3318?
True
Is 51 a factor of 4641?
True
Does 4 divide 185?
False
Is 750 a multiple of 50?
True
Is 164 a factor of 29356?
True
Does 64 divide 1792?
True
Is 28 a factor of 1410?
False
Does 3 divide 227?
False
Is 1472 a multiple of 16?
True
Does 70 divide 944?
False
Does 20 divide 56?
False
Does 48 divide 26736?
True
Is 7 a factor of 5529?
False
Does 26 divide 2537?
False
Is 83 a factor of 11952?
True
Does 63 divide 2016?
True
Is 8400 a multiple of 70?
True
Is 572 a multiple of 4?
True
Does 64 divide 108608?
True
Is 98 a multiple of 8?
False
Is 10 a factor of 420?
True
Is 36 a factor of 86004?
True
Does 10 divide 127500?
True
Is 25 a factor of 19426?
False
Is 22 a factor of 1716?
True
Is 1945 a multiple of 9?
False
Is 444 a multiple of 21?
False
Is 48 a multiple of 14?
False
Is 14952 a multiple of 24?
True
Is 6588 a multiple of 183?
True
Is 14 a factor of 3718?
False
Is 15591 a multiple of 2?
False
Is 7653 a multiple of 62?
False
Does 94 divide 12216?
False
Is 87494 a multiple of 22?
True
Does 2 divide 328?
True
Is 73496 a multiple of 46?
False
Does 5 divide 645?
True
Is 28982 a multiple of 337?
True
Does 23 divide 1058?
True
Does 29 divide 69?
False
Does 25 divide 122206?
False
Is 241 a multiple of 134?
False
Is 560 a multiple of 10?
True
Is 19483 a multiple of 269?
False
Is 24990 a multiple of 51?
True
Is 33 a factor of 3212?
False
Is 907 a multiple of 39?
False
Does 17 divide 66857?
False
Does 147 divide 43953?
True
Does 24 divide 312?
True
Does 16 divide 82432?
True
Is 3845 a multiple of 23?
False
Is 38 a factor of 152?
True
Is 2750 a multiple of 55?
True
Is 82 a factor of 102?
False
Is 11 a factor of 10761?
False
Is 504 a multiple of 3?
True
Is 11 a factor of 3080?
True
Does 27 divide 816?
False
Is 15344 a multiple of 14?
True
Is 13 a factor of 455?
True
Is 22 a factor of 25432?
True
Does 11 divide 167?
False
Is 9 a factor of 2937?
False
Does 11 divide 9805?
False
Does 21 divide 1630?
False
Does 116 divide 6353?
False
Is 33 a factor of 17966?
False
Is 11 a factor of 729?
False
Does 68 divide 4352?
True
Does 4 divide 431?
False
Is 19076 a multiple of 76?
True
Does 19 divide 47481?
True
Does 48 divide 22984?
False
Is 680 a multiple of 8?
True
Is 8 a factor of 24?
True
Is 13 a factor of 156?
True
Is 19 a factor of 4551?
False
Is 444 a multiple of 8?
False
Does 103 divide 1030?
True
Does 69 divide 1311?
True
Is 62 a factor of 10141?
False
Does 82 divide 11971?
False
Does 12 divide 46679?
False
Does 79 divide 5944?
False
Is 28 a factor of 169590?
False
Is 9 a factor of 10796?
False
Is 387 a multiple of 3?
True
Is 136515 a multiple of 19?
True
Is 5 a factor of 185?
True
Is 1339 a multiple of 103?
True
Is 2576 a multiple of 92?
True
Is 713 a multiple of 22?
False
Does 13 divide 494?
True
Is 13 a factor of 6900?
False
Is 45 a factor of 2191?
False
Is 5244 a multiple of 3?
True
Does 20 divide 913?
False
Does 196 divide 12740?
True
Is 439 a multiple of 12?
False
Is 19901 a multiple of 60?
False
Is 925 a multiple of 64?
False
Is 1136 a multiple of 22?
False
Is 6 a factor of 21?
False
Is 2 a factor of 284?
True
Does 228 divide 16353?
False
Is 6309 a multiple of 9?
True
Does 34 divide 156870?
False
Is 566 a multiple of 8?
False
Is 7707 a multiple of 22?
False
Is 1648 a multiple of 8?
True
Is 810 a multiple of 45?
True
Does 11 divide 18377?
False
Is 1610 a multiple of 23?
True
Is 350 a multiple of 14?
True
Is 674 a multiple of 35?
False
Is 2790 a multiple of 13?
False
Is 13843 a multiple of 37?
False
Is 56 a factor of 1818?
False
Does 12 divide 744?
True
Is 58 a factor of 10904?
True
Is 12 a factor of 460?
False
Does 46 divide 9395?
False
Is 10098 a multiple of 21?
False
Is 119 a factor of 2360?
False
Is 17160 a multiple of 110?
True
Does 8 divide 5976?
True
Is 36 a factor of 624?
False
Is 2 a factor of 7774?
True
Is 207 a multiple of 14?
False
Is 61 a factor of 60451?
True
Is 41 a factor of 278?
False
Is 3990 a multiple of 30?
True
Does 26 divide 312?
True
Is 135 a factor of 3278?
False
Is 13821 a multiple of 7?
False
Does 65 divide 1043?
False
Is 42 a factor of 1983?
False
Is 76640 a multiple of 13?
False
Is 1026 a multiple of 57?
True
Is 40 a factor of 10440?
True
Does 26 divide 627?
False
Is 4527 a multiple of 59?
False
Is 7 a factor of 203?
True
Is 81 a factor of 6156?
True
Does 24 divide 168?
True
Is 67 a factor of 1273?
True
Is 14 a factor of 4555?
False
Does 59 divide 30208?
True
Is 696 a multiple of 9?
False
Does 28 divide 28109?
False
Does 55 divide 134304?
False
Is 1676 a multiple of 61?
False
Is 56 a multiple of 7?
True
Is 92 a factor of 6532?
True
Is 1501 a multiple of 19?
True
Is 84 a factor of 2904?
False
Is 29 a multiple of 2?
False
Is 105 a multiple of 3?
True
Does 4 divide 56?
True
Is 1668 a multiple of 4?
True
Is 5984 a multiple of 136?
True
Is 5199 a multiple of 79?
False
Is 7 a factor of 2204?
False
Is 17 a factor of 3910?
True
Is 31872 a multiple of 16?
True
Is 12 a factor of 12132?
True
Is 1950 a multiple of 75?
True
Is 72 a factor of 2208?
False
Does 31 divide 15030?
False
Is 26 a factor of 208?
True
Does 5 divide 133?
False
Is 1242 a multiple of 23?
True
Is 69510 a multiple of 42?
True
Is 77 a factor of 5467?
True
Is 16 a factor of 9200?
True
Does 65 divide 1655?
False
Is 180 a multiple of 15?
True
Is 199 a multiple of 10?
False
Is 113 a factor of 5011?
False
Is 7 a factor of 1869?
True
Does 12 divide 266?
False
Does 10 divide 340?
True
Does 12 divide 7740?
True
Is 45 a multiple of 3?
True
Does 18 divide 2697?
False
Is 9057 a multiple of 2?
False
Is 1015 a multiple of 29?
True
Does 9 divide 138?
False
Is 161 a factor of 7680?
False
Does 19 divide 393?
False
Does 27 divide 3865?
False
Is 17485 a multiple of 13?
True
Is 4684 a multiple of 5?
False
Is 113 a factor of 29013?
False
Is 3 a factor of 348?
True
Does 69 divide 130862?
False
Is 22 a factor of 638?
True
Does 5 divide 6720?
True
Is 397 a multiple of 24?
False
Is 30042 a multiple of 18?
True
Is 17 a factor of 816?
True
Does 60 divide 15720?
True
Is 105 a factor of 2187?
False
Is 1237 a multiple of 29?
False
Does 125 divide 2750?
True
Is 5678 a multiple of 25?
False
Is 8466 a multiple of 34?
True
Is 347 a multiple of 37?
False
Is 31 a factor of 217?
True
Is 36 a factor of 609?
False
Is 4026 a multiple of 11?
True
Is 39429 a multiple of 9?
True
Is 361 a multiple of 19?
True
Is 3751 a multiple of 31?
True
Is 776 a multiple of 13?
False
Does 112 divide 1769?
False
Does 15 divide 1290?
True
Does 14 divide 4550?
True
Is 2668 a multiple of 176?
False
Is 40 a factor of 720?
True
Does 17 divide 15368?
True
Does 6 divide 272?
False
Is 234 a multiple of 18?
True
Is 2464 a multiple of 28?
True
Is 6 a factor of 6368?
False
Does 24 divide 1968?
True
Is 14406 a multiple of 98?
True
Is 840 a multiple of 21?
True
Is 16844 a multiple of 285?
False
Is 50975 a multiple of 25?
True
Does 174 divide 42248?
False
Is 39260 a multiple of 13?
True
Is 60 a factor of 23623?
False
Is 34 a factor of 544?
True
Does 13 divide 277?
False
Is 2869 a multiple of 19?
True
Does 46 divide 230?
True
Does 8 divide 1976?
True
Is 957 a multiple of 33?
True
Is 1684 a multiple of 3?
False
Is 18 a factor of 108?
True
Is 8 a factor of 151?
False
Is 66 a factor of 95634?
True
Is 894 a multiple of 18?
False
Does 22 divide 1540?
True
Does 83 divide 664?
True
Is 78 a factor of 5538?
True
Is 265 a multiple of 2?
False
Does 30 divide 4368?
False
Is 8829 a multiple of 27?
True
Is 41 a factor of 448?
False
Does 20 divide 17709?
False
Is 8571 a multiple of 3?